What is the remainder when 206 is divided by a(-15)?
8
Let y = -42 - -61. Let j be -4 - (0 + 10 - -1). Let u = j + 25. What is the remainder when y is divided by u?
9
What is the remainder when -14 - 544/(-40) - (-1444)/10 is divided by 41?
21
Let l(q) = 4*q**2 - 1. Let v be l(-2). Let w = v + -5. What is the remainder when ((-246)/3)/(w/(-5)) is divided by 14?
13
Calculate the remainder when 458 is divided by -3*(273/(-13) - 10).
86
Let z(f) = -4*f - 12. Calculate the remainder when z(-38) is divided by 64.
12
Suppose -2006 = -46*y - 72*y. What is the remainder when 558 is divided by y?
14
Suppose -l + 4*m + 123 = 0, 3*l + 12*m - 369 = 7*m. What is the remainder when 476 is divided by l?
107
Suppose -3 = 4*i + 9. Suppose -o + 5*o = 156. What is the remainder when o is divided by ((-25)/20 - i)*8?
11
Suppose -2*y + 127 = -27. What is the remainder when 220 is divided by y?
66
Calculate the remainder when -9 - 1014/(-7 - -1) is divided by 55.
50
Let l(z) = z**2 + 21*z - 103. Calculate the remainder when (-105)/(-1) + -3 - -4 is divided by l(-26).
25
Let k be (12/10)/3*10. Suppose 5*c + 57 = k*l, 9*c + 5 = 4*c. What is the remainder when (196/6)/((-4)/(-6)) is divided by l?
10
Suppose 6*m = -40 + 274. Calculate the remainder when 57 is divided by m.
18
Let w = 158 + -145. What is the remainder when w is divided by 5?
3
What is the remainder when 1347/2*-13*16/(-312) is divided by 111?
5
Let g(x) = 3*x**2 - 22*x + 71. What is the remainder when 421 is divided by g(6)?
45
What is the remainder when (-21)/(-6)*(-52)/91 - -90 is divided by 28?
4
Suppose 12*j + 2 = 26. Suppose -j*q = -64 - 24. What is the remainder when q is divided by 17?
10
Suppose 3*p + 0*p - 555 = 0. Suppose -4*i = -p + 37. Calculate the remainder when i is divided by (4 - 28/8)/(14/392).
9
Let b = 37 + -35. What is the remainder when 63 is divided by (-616)/(-42)*3/b?
19
Let j = -31 - 91. Let k = -109 - j. What is the remainder when 43 is divided by k?
4
Suppose k - 5*a = 190, -3*a + 814 = 4*k - 5*a. Let z = k - 47. Suppose -5*r = -3*w - 199, 4*r + w - 4*w - z = 0. What is the remainder when r is divided by 11?
8
Calculate the remainder when 1 - 3 - (-106 - (2 + 2)) is divided by 28.
24
Let l = 160 - 148. Calculate the remainder when 43 is divided by l.
7
Suppose 2*h + 12 = 6*h. Suppose -2*i + 225 = -5*i. Let t = 79 + i. What is the remainder when t is divided by h?
1
Calculate the remainder when (1*-7)/((-21)/1554) is divided by 65.
63
Suppose y + 6*y = 504. Let c = y - 52. Suppose -3*h + 3*t + 44 = -2*h, -5*h + t = -290. Calculate the remainder when h is divided by c.
19
Suppose 4*m = -100 + 164. Calculate the remainder when 29 is divided by m.
13
Let c = 81 - 81. Suppose c = -2*h - v - 0*v + 47, -3*v = -2*h + 59. Calculate the remainder when h is divided by 6.
1
Suppose -3*q - 2*a = -4*q + 43, 4*q = 3*a + 152. What is the remainder when q is divided by 14?
7
Calculate the remainder when 28/126 - 5525/(-45) is divided by 116.
7
Calculate the remainder when (15 + -7 + -6)/(1/40) is divided by 31.
18
Let g(i) = -18*i**3 - 76*i**2 + 5*i + 19. Calculate the remainder when g(-5) is divided by 10.
4
Suppose -3*k + r + 0*r = -2, 0 = -3*k - r - 8. Let s(v) = 111*v**2 - 4*v - 6. Calculate the remainder when s(k) is divided by 28.
25
Let d(k) = -2*k**3 + 23*k**2 + 18*k - 17. What is the remainder when d(12) is divided by 22?
11
Let s = -36 + 59. Let x(n) = 10*n - 16. Let y(o) = 11*o - 15. Let g(a) = 6*x(a) - 5*y(a). What is the remainder when s is divided by g(6)?
5
Let n(r) = -3*r. Let g = -12 - 0. Suppose 5*k = -i + 91 - 22, -2*i - 44 = -4*k. Calculate the remainder when n(g) is divided by k.
10
Suppose 13 = -2*j + 1. Suppose 3*s + 5*o - 43 = 2*s, 2*o = -3*s + 129. Let k = s + j. What is the remainder when k is divided by 13?
11
Suppose -9*o = -25*o + 3376. What is the remainder when o is divided by 71?
69
Let x be ((-6)/(-14))/(9/63). Suppose 2*t - a = -x*a + 16, a = -5*t + 28. What is the remainder when 5 is divided by t?
0
Suppose -49*x - 4*x = -9169. What is the remainder when x is divided by 50?
23
Let f = -12 + -1. Let x = f - -15. Let j = x - -4. What is the remainder when 11 is divided by j?
5
Let f = -53 - -57. What is the remainder when 114 is divided by (-13 - -9)*(-58)/f?
56
Let f be -2 - ((-8)/2 + 0). Let h = 27 - 16. What is the remainder when 2/f - (-25 + -5) is divided by h?
9
Suppose 4*q = -2*p - 3*p + 86, -2 = 2*q. What is the remainder when 79 is divided by p?
7
Suppose 0 = -0*s + 3*s - 2*b - 15, 4*b + 5 = s. What is the remainder when s is divided by 6*(-12)/(-27) - 16/(-12)?
1
Let i be ((-6)/7)/((-3)/14). Suppose 4*f + i*f = 280. What is the remainder when f is divided by 14?
7
Let r be 1/(3/(-153) - 0). Let t(q) = 2*q**2 - 3*q + 2. What is the remainder when t(-5) is divided by (-4 - 33/(-9))*r?
16
Suppose -2*l - 5*m + 545 = 0, 2*m - 19 = -21. What is the remainder when l is divided by 69?
68
Let q = -11 + 14. Suppose -q*m = -4*m + 4*d + 20, 44 = 3*m + 4*d. Let z = m + -2. Calculate the remainder when 25 is divided by z.
11
Let h(x) be the third derivative of x**6/120 + x**5/6 + x**4/3 + x**3 + 3*x**2. What is the remainder when h(-9) is divided by (-11)/(-33)*(1 + 17)?
3
Let r be ((-2)/6)/(3/(-18)). Let t = -180 + 197. What is the remainder when (-1372)/(-21) + r/(-6) is divided by t?
14
Suppose -6 = u + 2*p - 4*p, -2*u = 5*p - 15. Suppose u = -4*a + 51 - 3. What is the remainder when a is divided by 5?
2
Let u(z) = -z**3 - z**2 + 6*z + 10. Let w(q) = -3*q**3 + q**2 - 2*q. Let a be w(1). Calculate the remainder when 134 is divided by u(a).
32
Let m be ((-28)/42)/((-4)/(-54)). Let s be 3 + 80 + 4/(-4). Calculate the remainder when ((-27)/6)/m*s is divided by 21.
20
Let w(r) = 22*r + 7. Calculate the remainder when 193 is divided by w(0).
4
Suppose -12 - 3 = -3*s. Let j = -37 - -56. Calculate the remainder when j is divided by s.
4
Let c(k) = -9*k. Suppose 6 + 10 = 4*f - 4*v, 0 = 3*v + 9. What is the remainder when f - (-904)/28 - (-8)/(-28) is divided by c(-1)?
6
Let f = 43 + -46. What is the remainder when 34 is divided by -2 - 1/(f/45)?
8
Suppose 20 + 28 = 6*c. Suppose 2*s - 37 = 3*j, -38 = c*j - 4*j + 3*s. Let d = j + 42. Calculate the remainder when d is divided by 17.
14
Calculate the remainder when 36 is divided by (-196)/8*34/(-119).
1
Let y = 1 + -1. Suppose y = 2*v - 9 + 1. Suppose -b = v*b - 35. What is the remainder when b is divided by 2?
1
Suppose -4*u = h - 6*h + 371, 5*h + u - 376 = 0. What is the remainder when h is divided by 13?
10
Let i = -30 + 61. Let o(w) = w**2 - w. Let n be o(-1). Suppose -32 = -n*t - 4*g, 0*g - 4*g = -16. Calculate the remainder when i is divided by t.
7
Suppose -v = 5*k + 2*v - 139, 5*k = 5*v + 115. Calculate the remainder when 155 is divided by k.
25
Let u = 70 - 43. Suppose 327 = -36*g + 507. Calculate the remainder when u is divided by g.
2
Let t be -4 - 0 - 3/(-1). Calculate the remainder when 27 is divided by ((-28)/(-12))/(t/(-3)).
6
Calculate the remainder when 191 is divided by (196/(-6))/((-76)/228).
93
Suppose -4*i + 27 = -5*o, i = -2*o - o - 23. Let q(u) = -12*u + 10. Let n be q(o). Let w = n - 63. What is the remainder when w is divided by 8?
7
Let o(l) = -l**2 - l + 60. Suppose 0 = -5*p + 8*p - 63. Calculate the remainder when o(0) is divided by p.
18
Suppose 2*z - 3*f - 62 = 0, -3*z + 67 = -0*z + 2*f. Let s = z + -15. Let y = -314 - -317. Calculate the remainder when s is divided by y.
1
Let w(j) = 6 + 9*j - 12 + 5. Calculate the remainder when 31 is divided by w(1).
7
Let d = 61 + -43. Suppose -4*t + 10 + 30 = -4*x, 2*t = -2*x + 12. What is the remainder when d is divided by t?
2
Let p(x) = -12*x + 4. Let s(a) = -a**2 - 4*a - 1. Let w be s(-2). Suppose w*b = -b + 56. What is the remainder when p(-4) is divided by b?
10
Let a be 0/(-1*(-2 + 1)). Let u(n) = -2*n + 2. Let c be u(a). Calculate the remainder when 17 is divided by (40/c)/(-9 + 11).
7
Suppose 2*v = -3*v - 2*i + 120, 2*v + i - 48 = 0. Calculate the remainder when 92 is divided by v.
20
Suppose -7*x = -27*x + 340. What is the remainder when 50 is divided by x?
16
Suppose q = 19 + 26. What is the remainder when q is divided by ((-160)/30*-3 - (0 - -1)) + 1?
13
Let f(m) = -m**2 - 4*m + 7. Let j be f(-6). Let s be -3 + (j - -3 - 407). Calculate th